{"id":2044,"date":"2021-05-17T08:16:23","date_gmt":"2021-05-17T08:16:23","guid":{"rendered":"https:\/\/www.art-events.de\/weblog\/?page_id=2044"},"modified":"2021-09-09T23:22:00","modified_gmt":"2021-09-09T23:22:00","slug":"android-visual-studio-dateien-mit-dem-android-emulator-austauschen","status":"publish","type":"page","link":"https:\/\/www.art-events.de\/weblog\/android-programmieren-fuer-starter-tipps-und-tricks\/android-visual-studio-dateien-mit-dem-android-emulator-austauschen\/","title":{"rendered":"Android Visual Studio: Dateien mit dem Android Emulator austauschen"},"content":{"rendered":"<p>Werbung:<br \/>\n<a href=\"https:\/\/www.terminal-systems.de\/wp\/\" target=\"_blank\" rel=\"noopener\"><img loading=\"lazy\" decoding=\"async\" class=\"alignnone wp-image-2330 size-full\" src=\"https:\/\/www.art-events.de\/weblog\/wp-content\/uploads\/2021\/09\/210909-anzeige1.jpg\" alt=\"\" width=\"1800\" height=\"600\" srcset=\"https:\/\/www.art-events.de\/weblog\/wp-content\/uploads\/2021\/09\/210909-anzeige1.jpg 1800w, https:\/\/www.art-events.de\/weblog\/wp-content\/uploads\/2021\/09\/210909-anzeige1-300x100.jpg 300w, https:\/\/www.art-events.de\/weblog\/wp-content\/uploads\/2021\/09\/210909-anzeige1-1024x341.jpg 1024w, https:\/\/www.art-events.de\/weblog\/wp-content\/uploads\/2021\/09\/210909-anzeige1-768x256.jpg 768w, https:\/\/www.art-events.de\/weblog\/wp-content\/uploads\/2021\/09\/210909-anzeige1-1536x512.jpg 1536w, https:\/\/www.art-events.de\/weblog\/wp-content\/uploads\/2021\/09\/210909-anzeige1-1568x523.jpg 1568w\" sizes=\"auto, (max-width: 1800px) 100vw, 1800px\" \/><\/a><\/p>\n<hr \/>\n<p>&nbsp;<\/p>\n<p>Erprobt mit Android Studio 4.1.3.<\/p>\n<p>Immer wieder treffen wir in der Entwicklung auf Situationen, dass wir mit unserem Android Ger\u00e4t und PC Daten austauschen m\u00f6chten. Was bei einem realen Smartphone relativ einfach ist &#8211; wir verwenden dann einfach eine USB Verbindung f\u00fcr den Transfer &#8211; stellt sich bei Android Emulator etwas komplizierter da. Ich habe mir einfach den folgenden Workaround angew\u00f6hnt:<\/p>\n<p>&nbsp;<\/p>\n<p><strong>Vom PC in den Android Emulator<\/strong><\/p>\n<p><a href=\"https:\/\/www.art-events.de\/weblog\/wp-content\/uploads\/2021\/05\/210517-clipboard.jpg\"><img loading=\"lazy\" decoding=\"async\" class=\"alignnone size-large wp-image-2046\" src=\"https:\/\/www.art-events.de\/weblog\/wp-content\/uploads\/2021\/05\/210517-clipboard-1024x768.jpg\" alt=\"\" width=\"640\" height=\"480\" srcset=\"https:\/\/www.art-events.de\/weblog\/wp-content\/uploads\/2021\/05\/210517-clipboard-1024x768.jpg 1024w, https:\/\/www.art-events.de\/weblog\/wp-content\/uploads\/2021\/05\/210517-clipboard-300x225.jpg 300w, https:\/\/www.art-events.de\/weblog\/wp-content\/uploads\/2021\/05\/210517-clipboard-768x576.jpg 768w, https:\/\/www.art-events.de\/weblog\/wp-content\/uploads\/2021\/05\/210517-clipboard.jpg 1144w\" sizes=\"auto, (max-width: 640px) 100vw, 640px\" \/><\/a><\/p>\n<p>Releativ einfach wird es, wenn die Datei vom PC kommt und auf dem Android Emulator zur Verf\u00fcgung stehen soll. Dieses ist z.B. oftmals bei Artikel-Stammdaten der Fall. Hier sollen Artikelinformationen wie Texte, Preise, Best\u00e4nde etc. enthalten sein, die bei der laufenden Erfassung auf dem Ger\u00e4t angezeigt werden.<\/p>\n<p>Was am schnellsten geht: Einfach Datei unter Windows mit der Maus (linke Maustaste) gedr\u00fcckt halten ins Download Verzeichnsi vom Emulator ziehen. Fertig! Netterweise nimmt der Emulator die Datei dann wirklich ins \\Download Verzeichnis und die Daten k\u00f6nnen von der App genutzt werden.<\/p>\n<p>&nbsp;<\/p>\n<p><strong>Vom Android Emulator an den PC<\/strong><\/p>\n<p>Leider geht der umgedrehte Weg nicht. Das Smartphone hat eine Datei erstellt, die wollt ihr auf dem PC haben. Doch eine Datei, die sich bereits im Android \\download Verzeichnis befindet, kann ich nicht zur\u00fcck auf auf meinen Windows Arbeitsbereich ziehen. Dont worry &#8211; Man muss nur wissen, wie es hei\u00dft. In unserem Fall:<\/p>\n<p><strong>DEVICE FILE EXPLORER<\/strong><\/p>\n<p>Das Dingens versteckt sich in den Tiefen vom Android Studio. Um es zu starten: View &#8211; Tool Windows &#8211; Device File Explorer. Gestartet wird es wie nachfolgend gezeigt &#8211; ich habe mal den Weg illustriert, weil ich am Anfang \u00e4tzend lange herumgesucht habe:<\/p>\n<p><a href=\"https:\/\/www.art-events.de\/weblog\/wp-content\/uploads\/2021\/05\/210517-start.jpg\"><img loading=\"lazy\" decoding=\"async\" class=\"alignnone size-full wp-image-2047\" src=\"https:\/\/www.art-events.de\/weblog\/wp-content\/uploads\/2021\/05\/210517-start.jpg\" alt=\"\" width=\"902\" height=\"341\" srcset=\"https:\/\/www.art-events.de\/weblog\/wp-content\/uploads\/2021\/05\/210517-start.jpg 902w, https:\/\/www.art-events.de\/weblog\/wp-content\/uploads\/2021\/05\/210517-start-300x113.jpg 300w, https:\/\/www.art-events.de\/weblog\/wp-content\/uploads\/2021\/05\/210517-start-768x290.jpg 768w\" sizes=\"auto, (max-width: 902px) 100vw, 902px\" \/><\/a><\/p>\n<p>Das war das Geheimnis und der Kern dieses Beitrags! Voila.Mit dem Device File Explorer bekommen wir ein m\u00e4chtiges Tool, um Dateien zwischen Emulator und PC auszutauschen, anzusehen, zu l\u00f6schen etc.Wir m\u00fcssen uns zwar jetzt noch zum gew\u00fcnschten Verzeichnis durchtasten &#8211; aber ich habe es nun erst mal so, wie ich es gerne h\u00e4tte.<\/p>\n<p><a href=\"https:\/\/www.art-events.de\/weblog\/wp-content\/uploads\/2021\/05\/210517-dfe.jpg\"><img loading=\"lazy\" decoding=\"async\" class=\"alignnone size-full wp-image-2049\" src=\"https:\/\/www.art-events.de\/weblog\/wp-content\/uploads\/2021\/05\/210517-dfe.jpg\" alt=\"\" width=\"703\" height=\"1024\" srcset=\"https:\/\/www.art-events.de\/weblog\/wp-content\/uploads\/2021\/05\/210517-dfe.jpg 703w, https:\/\/www.art-events.de\/weblog\/wp-content\/uploads\/2021\/05\/210517-dfe-206x300.jpg 206w\" sizes=\"auto, (max-width: 703px) 100vw, 703px\" \/><\/a><\/p>\n<p>Abschliessend: um die Aufgabe auch zu beende und die Datei auf dem PC zu bekommen &#8211; rechte Maustaste auf der betreffenden Datei &#8230; ihr k\u00f6nnt sie nun auf Windows speichern, direkt anzeigen etc. Thats it und es hat mir das Entwickler-Leben erleichtert, nachdem ich Dateien mit dem Emulator hin und her tauschen kann!<\/p>\n<hr \/>\n<p><a href=\"https:\/\/www.art-events.de\/weblog\/android-programmieren-fuer-starter-tipps-und-tricks\/\">Weitere Android Texte<\/a><\/p>\n<hr \/>\n<p>&nbsp;<\/p>\n<p><img loading=\"lazy\" decoding=\"async\" class=\"alignnone size-large\" src=\"https:\/\/www.terminal-systems.de\/images\/20080607hjwx-204.jpg\" width=\"204\" height=\"153\" \/><\/p>\n<p>Text und Entwurf. (c) AE SYSTEME Testcenter, Hans-J. Walter<br \/>\nHans-J. Walter ist Programmierer f\u00fcr Windows DOT.NET und Android und als Senior Chef Entwickler bei AE SYSTEME www.terminal-systems.de in Burgdorf \/ Hannover t\u00e4tig. <a href=\"mailto:hjw@terminal-systems.de\">hjw@terminal-systems.de<\/a><\/p>\n<p><em>F\u00fcr diese und alle nachfolgenden Seiten gilt ebenso der obligatorische Hinweis: Alle Angaben ohne Gew\u00e4hr. Bilder und Codes zeigen Beispiele. Diese Beschreibung bezieht sich auf unsere Installation und stellt keine Bewertung der verwendeten Techniken da. Fehler und Irrt\u00fcmer vorbehalten!<\/em><\/p>\n<p>&nbsp;<\/p>\n","protected":false},"excerpt":{"rendered":"<p>Werbung: &nbsp; Erprobt mit Android Studio 4.1.3. Immer wieder treffen wir in der Entwicklung auf Situationen, dass wir mit unserem Android Ger\u00e4t und PC Daten austauschen m\u00f6chten. Was bei einem realen Smartphone relativ einfach ist &#8211; wir verwenden dann einfach eine USB Verbindung f\u00fcr den Transfer &#8211; stellt sich bei Android Emulator etwas komplizierter da. [&hellip;]<\/p>\n","protected":false},"author":6,"featured_media":0,"parent":1968,"menu_order":0,"comment_status":"closed","ping_status":"closed","template":"","meta":{"footnotes":""},"class_list":["post-2044","page","type-page","status-publish","hentry","entry"],"_links":{"self":[{"href":"https:\/\/www.art-events.de\/weblog\/wp-json\/wp\/v2\/pages\/2044","targetHints":{"allow":["GET"]}}],"collection":[{"href":"https:\/\/www.art-events.de\/weblog\/wp-json\/wp\/v2\/pages"}],"about":[{"href":"https:\/\/www.art-events.de\/weblog\/wp-json\/wp\/v2\/types\/page"}],"author":[{"embeddable":true,"href":"https:\/\/www.art-events.de\/weblog\/wp-json\/wp\/v2\/users\/6"}],"replies":[{"embeddable":true,"href":"https:\/\/www.art-events.de\/weblog\/wp-json\/wp\/v2\/comments?post=2044"}],"version-history":[{"count":0,"href":"https:\/\/www.art-events.de\/weblog\/wp-json\/wp\/v2\/pages\/2044\/revisions"}],"up":[{"embeddable":true,"href":"https:\/\/www.art-events.de\/weblog\/wp-json\/wp\/v2\/pages\/1968"}],"wp:attachment":[{"href":"https:\/\/www.art-events.de\/weblog\/wp-json\/wp\/v2\/media?parent=2044"}],"curies":[{"name":"wp","href":"https:\/\/api.w.org\/{rel}","templated":true}]}}