{"id":1099,"date":"2018-10-11T08:18:20","date_gmt":"2018-10-11T08:18:20","guid":{"rendered":"http:\/\/www.art-events.de\/weblog\/?page_id=1099"},"modified":"2021-04-03T07:43:25","modified_gmt":"2021-04-03T07:43:25","slug":"einkaufsfuehrer-lagersoftware","status":"publish","type":"page","link":"https:\/\/www.art-events.de\/weblog\/einkaufsfuehrer-lagersoftware\/","title":{"rendered":"Einkaufsf\u00fchrer Lagersoftware"},"content":{"rendered":"<p>Unser kleiner Einkaufsf\u00fchrer f\u00fcr Lagersoftware! Wir sind durchs Web gesurft &#8211; ein Mensch &#8211; kein Roboter &#8211; und haben uns f\u00fcr Euch umgesehen.\u00a0Unsere Liste einiger\u00a0 Anbieter findet ihr unten. Die erhebt nat\u00fcrlich keinen Anspruch auf Vollst\u00e4ndigkeit. Sie stellt auch keine Wertung der angebotenen Produkte da. Die hier gemachten Eintr\u00e4ge entstanden auf Basis der Webseite des jeweiligen Anbieters zum Besuchszeitpunkt. Das Angebot kann sich zwischenzeitlich ge\u00e4ndert haben. Bitte besucht selbst die jeweilige Webseite des Anbieters, um Euch ein eigenes Bild zu verschaffen.<\/p>\n<p>Stand \/ Datum letzte \u00c4nderung: 15\/10\/2018. Update April 2021<\/p>\n<hr \/>\n<p>&nbsp;<\/p>\n<p><strong>AE WWS Lite<\/strong><br \/>\nPC Basierte L\u00f6sung f\u00fcr Lagerverwaltung f\u00fcr Warenbewegungen im Unternehmen spezielle f\u00fcr Lageristen und Leute vor Ort. Einfache Bedienung. G\u00fcnstige Einstiegsl\u00f6sung bis umfassende SQL Datenbankanbindung. Android \/ Mobil Anbindung. Demoversion verf\u00fcgbar zum Download!<br \/>\n<a href=\"https:\/\/www.terminal-systems.de\/wp\/\">https:\/\/www.terminal-systems.de\/wp\/<\/a><\/p>\n<p><strong>asap \u00a9 Logistics<\/strong><br \/>\nWarenhaus L\u00f6sung speziell f\u00fcr Smartphones.<br \/>\n<a href=\"https:\/\/www.asaplogistics.de\">https:\/\/www.asaplogistics.de<\/a><\/p>\n<p><strong>BIZSOFT Lagerverwaltung<\/strong><br \/>\nUmfassende Lagerverwaltung incl. Lieferscheine, Mahnungen, Warenwirtschaft. Software Einzelplatzversion ab ca 99 Euro.\u00a0Demoversion verf\u00fcgbar\u00a0zum Download!<br \/>\n<a href=\"https:\/\/www.bizsoft.de\/lagerverwaltungssoftware\">https:\/\/www.bizsoft.de\/lagerverwaltungssoftware<\/a><\/p>\n<p><strong>ComarchERP XT<\/strong><br \/>\n<a href=\"https:\/\/www.erpxt.de\" target=\"_blank\" rel=\"noopener\">https:\/\/www.erpxt.de<\/a><\/p>\n<p><strong>EPG<\/strong><br \/>\nMit Angebot verschiedener Logistikl\u00f6sungen aus der Schweiz. Unter anderem auch f\u00fcr Materialfluss, Tourenplanung und International Shipping.<br \/>\n<a href=\"https:\/\/www.epg.com\/de\">https:\/\/www.epg.com\/de<\/a><\/p>\n<p><strong>HSHamburger Software \/ HS Lagerwirtschaft<\/strong><br \/>\n<a href=\"https:\/\/www.hamburger-software.de\" target=\"_blank\" rel=\"noopener\">https:\/\/www.hamburger-software.de<\/a><\/p>\n<p><strong>IBS Speedlogix<\/strong><br \/>\nUmfassende Lagerverwaltung f\u00fcr Unternehmen. Incl Erweiterungen f\u00fcr VOICE Picking.<br \/>\n<a href=\"https:\/\/speedlogix.de\/lagerverwaltungssoftware\/\">https:\/\/speedlogix.de\/lagerverwaltungssoftware\/<\/a><\/p>\n<p><strong>INCONSO WMS<\/strong><br \/>\nLagerverwaltung mit SAP. Evtl auch eigene L\u00f6sungen verf\u00fcgbar.<br \/>\n<a href=\"https:\/\/www.inconso.com\/de\">https:\/\/www.inconso.com\/de<\/a><\/p>\n<p><strong>Lagerverwaltungssoftware<\/strong><br \/>\nPaket f\u00fcr Tablett PC und Mobil. Angebot bevorzugt zusammen Software mit Hardware. Preise ab. 299 \/ 199 Euro.<br \/>\n<a href=\"https:\/\/www.barcodescanner.de\" target=\"_blank\" rel=\"noopener\">https:\/\/www.barcodescanner.de<\/a><\/p>\n<p><strong>Lexware Warenwirtschaft<br \/>\n<\/strong><a href=\"https:\/\/shop.lexware.de\/warenwirtschaftssystem\">https:\/\/shop.lexware.de\/warenwirtschaftssystem<\/a><\/p>\n<p><strong>Mecalux LVS Lagerverwaltung<\/strong><br \/>\nWeltweiter Anbieter von Lagerl\u00f6sungen mit H\u00e4ndlernetz in diversen L\u00e4ndern.. Schwerpunkt: Komplette Lager- und Regalsysteme incl. Palettenl\u00f6sungen. Softwareangebot ist ein Bestandteil des Angebotes<br \/>\n<a href=\"https:\/\/www.mecalux.de\/\">https:\/\/www.mecalux.de\/<\/a><\/p>\n<p><strong>ORGAMAX Lagerverwaltung<\/strong><br \/>\nLagerverwaltung als Bestandteil eines B\u00fcrosoftwarepaketes. Lagerverwaltung f\u00fcr Verkauf, Einkauf, Auftr\u00e4ge, Stammdaten uvam. Preise ab ca 15..30 Euro pro Monat \/ Mitarbeiter. Alternativ Kaufversionen ab ca 199 Euro.<br \/>\n<a href=\"https:\/\/www.deltra.com\/software\/zusatzmodule\/lagerverwaltung\/\">https:\/\/www.deltra.com\/software\/zusatzmodule\/lagerverwaltung\/<\/a><\/p>\n<p><strong>ProLogistik Lagerverwaltung<\/strong><br \/>\nLagerverwaltung f\u00fcr div. Branchen. PC und mobil.<br \/>\n<a href=\"https:\/\/www.prologistik.com\" target=\"_blank\" rel=\"noopener\">https:\/\/www.prologistik.com<\/a><\/p>\n<p><strong>RDSuite Lagerverwaltung<\/strong><br \/>\nLagerverwaltung und Einsatzsoftware speziell f\u00fcr den Rettungsdienst. Web \/ Cloudbasiert. L\u00e4uft auf div. Ger\u00e4ten.<br \/>\n<a href=\"https:\/\/www.rdsuite.de\" target=\"_blank\" rel=\"noopener\">https:\/\/www.rdsuite.de<\/a><\/p>\n<p><strong>Stanley Cribmaster.<\/strong><br \/>\nUS Anbieter von L\u00f6sungen zur Inventar und Bestandsverwaltung. Arbeitet mit H\u00e4ndlernetz.<br \/>\n<a href=\"http:\/\/www.cribmaster.com\/de\">http:\/\/www.cribmaster.com\/de<\/a><\/p>\n<p><strong>Storelogix<\/strong><br \/>\nKomplettl\u00f6sung f\u00fcr Lagerverwaltung f\u00fcr fast alle Prozesse im Unternehmen. Abrechnung erfolgt pro User und Monat. Wirbt mit Einf\u00fchrung in 6 Wochen.<br \/>\n<a href=\"https:\/\/storelogix.de\/\">https:\/\/storelogix.de\/<\/a><\/p>\n<p>&nbsp;<\/p>\n<p>Alle Angaben ohne\u00a0 Gew\u00e4hr. Format der Eintr\u00e4ge: Name der Software &#8211; Kurztext\u00a0 (wenn vorhanden) &#8211; Webseite \/ Link.<\/p>\n<p>(c) AE <a href=\"mailto:webmaster@art-events.de\">webmaster@art-events.de<\/a><\/p>\n<p>&nbsp;<\/p>\n","protected":false},"excerpt":{"rendered":"<p>Unser kleiner Einkaufsf\u00fchrer f\u00fcr Lagersoftware! Wir sind durchs Web gesurft &#8211; ein Mensch &#8211; kein Roboter &#8211; und haben uns f\u00fcr Euch umgesehen.\u00a0Unsere Liste einiger\u00a0 Anbieter findet ihr unten. Die erhebt nat\u00fcrlich keinen Anspruch auf Vollst\u00e4ndigkeit. Sie stellt auch keine Wertung der angebotenen Produkte da. Die hier gemachten Eintr\u00e4ge entstanden auf Basis der Webseite des [&hellip;]<\/p>\n","protected":false},"author":6,"featured_media":0,"parent":0,"menu_order":0,"comment_status":"closed","ping_status":"closed","template":"","meta":{"footnotes":""},"class_list":["post-1099","page","type-page","status-publish","hentry","entry"],"_links":{"self":[{"href":"https:\/\/www.art-events.de\/weblog\/wp-json\/wp\/v2\/pages\/1099","targetHints":{"allow":["GET"]}}],"collection":[{"href":"https:\/\/www.art-events.de\/weblog\/wp-json\/wp\/v2\/pages"}],"about":[{"href":"https:\/\/www.art-events.de\/weblog\/wp-json\/wp\/v2\/types\/page"}],"author":[{"embeddable":true,"href":"https:\/\/www.art-events.de\/weblog\/wp-json\/wp\/v2\/users\/6"}],"replies":[{"embeddable":true,"href":"https:\/\/www.art-events.de\/weblog\/wp-json\/wp\/v2\/comments?post=1099"}],"version-history":[{"count":0,"href":"https:\/\/www.art-events.de\/weblog\/wp-json\/wp\/v2\/pages\/1099\/revisions"}],"wp:attachment":[{"href":"https:\/\/www.art-events.de\/weblog\/wp-json\/wp\/v2\/media?parent=1099"}],"curies":[{"name":"wp","href":"https:\/\/api.w.org\/{rel}","templated":true}]}}